= 4*s(x) + t(x). Give f(u).
-7
Let w(t) be the first derivative of -t - 1/2*t**2 + 0*t**3 + 23 + 11/4*t**4. Give w(-1).
-11
Let a(z) = -z**2 + 3*z - 3. Let y be (-4)/7*(-3 - (-5)/(-10)). Give a(y).
-1
Let b(g) = 2*g**2 + 4. Let l be 3/((-2)/(-4)*(-26)/13). Determine b(l).
22
Let b = 295 + -298. Let z(w) = -w**2 - 6*w - 1. Calculate z(b).
8
Let d(x) = -4*x. Let h(a) = 2 + 5*a + 5 - 8. Let l(f) = -6*d(f) - 4*h(f). What is l(6)?
28
Let o = -38 - -42. Let h(u) = 0*u - o*u**2 + 5*u**2 - u + 7 - 2*u**2. Calculate h(0).
7
Let o = 72 - 67. Let k(t) = 18*t - 1 - t**3 - o*t**2 + 21*t - 41*t. What is k(-2)?
-9
Let p(q) = -q**3 + 5. Let n(z) = -2*z**3 + z + 1. Let a(s) = n(s) - p(s). Let w(h) = -h**2 - 5*h - 4. Let x be w(-4). What is a(x)?
-4
Let i be -2*(-1)/((-16)/40). Let j(w) = 8*w**2 - 23*w - 26. Let y(k) = -3*k**2 + 8*k + 9. Let o(a) = 4*j(a) + 11*y(a). Determine o(i).
-10
Let t = 132 - 130. Let o(r) = 5*r**2 + r. Determine o(t).
22
Let q(j) = j**3 + 6*j**2 + j - 3. Let m be 2/4 + -3*5/6. Let a be -9*(6/m - 11/(-3)). Calculate q(a).
-9
Let d(r) = -r**2 - 18*r - 11. Let j(v) = -v**2 - 20*v - 11. Let s(c) = 6*d(c) - 5*j(c). What is s(-6)?
1
Suppose 0 = -x - 2*x + 15. Suppose 2*t - 27 = 3*p, -2*t + 5 = -4*p - 25. Let b(m) = -2*m + x - t*m + 5*m + 3*m. Give b(4).
-7
Let z = -4 - 2. Let u(s) = 2*s + 39. Let x(m) = -2*m - 44. Let k(w) = -7*u(w) - 6*x(w). What is k(z)?
3
Let n(h) = h - 2*h**3 + 6*h**2 + h**2 - 4*h - 10*h**2. Let a = 33 + -35. Determine n(a).
10
Let g = 19 + -13. Let h(a) be the first derivative of -a**4/4 + 7*a**3/3 - 3*a**2 + a - 431. What is h(g)?
1
Let x(b) be the second derivative of b**3/2 - 4*b**2 + 3*b + 13. Give x(-7).
-29
Let u(c) be the second derivative of -1/2*c**3 + 1/2*c**2 - 3 - 1/12*c**4 + 1/10*c**5 + 7*c. Give u(2).
7
Let x(b) = -b - 2. Suppose -h = k - 0 - 3, 0 = -5*k + 5*h - 15. Suppose k*y - 3*y - 18 = 0. Let j be (3/3)/(2/y). What is x(j)?
1
Suppose -s - 2*s = -5*y - 3, 0 = 2*s + 4*y - 24. Let l(a) be the first derivative of a**4/4 - 5*a**3/3 - 7*a**2/2 + 4*a + 71. Calculate l(s).
-2
Let d(u) = u**3 - 7*u**2 + 7*u - 3. Let s be d(6). Let w(r) = 3*r**s + 498 - 4*r**2 - r**3 - 501. What is w(3)?
15
Suppose -13*n = -10*n + 6, 2*n = -3*x - 7. Let i(a) = 14*a**2 + a. Calculate i(x).
13
Suppose 41 + 13 = 6*v. Let t(a) = 5 - v*a - 3*a + 13*a. What is t(5)?
10
Suppose -7*p + 12*p = -l - 49, -4*p - 64 = 7*l. Let g(j) = -j**3 - 9*j**2 - j - 4. Give g(p).
5
Let u = 85 + -78. Let x(s) = -s. Let t(c) = 5*c - 4. Let m = -3 + 2. Let k(q) = m*t(q) - 4*x(q). Give k(u).
-3
Suppose -60 = -5*n - 210. Let m = n - -35. Let t(u) = 2*u - 4. Calculate t(m).
6
Let b(t) be the second derivative of 52*t - 1/12*t**4 + 1/6*t**3 - 7/2*t**2 + 0. What is b(0)?
-7
Let r(l) = l + 7. Suppose -7*h = 11 + 31. What is r(h)?
1
Let f(p) = -18*p - 52 + p**2 + 54 + 12*p + p**3 + 4*p**2. Let w be 1 - 1/((-2)/(-2)). Let v = -6 - w. Determine f(v).
2
Let r(x) = -x**2 - 5*x + 8. Suppose -5*f = 3*f - 224. Suppose -4*t - f = -0*t. Give r(t).
-6
Let t(z) be the first derivative of z**2 + 2*z + 10. Let f(u) = -u - 1. Let h(i) = -8*f(i) - 3*t(i). Give h(-5).
-8
Suppose -4*q + q = 6. Let o be 14 - (q/(-1) - 0). Let h = o - 14. Let x(y) = -y**3 - y**2 - 1. What is x(h)?
3
Let z(b) = -6*b - 3. Let p(a) = -a - 1. Let g(c) = -7*c - 2. Let s(q) = -g(q) - 4*p(q). Let i(w) = -4*s(w) - 7*z(w). Determine i(-5).
7
Let d(k) = 0*k + 1 - 3*k + 2*k. Suppose a + 0*a = 5*u + 11, -3*u = 6. What is d(a)?
0
Let q = 1198 - 1188. Let g(o) = -o**3 + 10*o**2 - o + 1. Determine g(q).
-9
Let n(r) = 4*r + 6 - 8*r - 1 - 2. Let f be n(-1). Let j(m) be the first derivative of m**2/2 - 9*m - 1. Give j(f).
-2
Let n(c) = 41*c**3 - 7*c**2 - 7*c. Let d(t) = 21*t**3 - 3*t**2 - 3*t. Let g(o) = -5*d(o) + 2*n(o). Determine g(-1).
23
Let j(w) = 14*w**2 - 1. Let x(s) = -s - 19. Let m be x(-17). Let q be m*-3*4/24. What is j(q)?
13
Let y(o) = -o**3 - 5*o**2 - 5*o. Let g be y(-4). Let f(p) = 5 - 2 - 324*p + 3 - 319*p + 642*p. Calculate f(g).
2
Let z(p) be the third derivative of 1/10*p**5 - 14*p**2 + 0*p**3 + 0*p**4 + 0 + 0*p. Calculate z(-1).
6
Let v(k) = k**2 + 2*k - 10. Let h = -314 + 310. What is v(h)?
-2
Let r(n) = -2*n - 3. Let p = -101 + 95. Determine r(p).
9
Let q(d) be the second derivative of d**3/6 + d. Let f(h) = -7*h - 2. Let m be f(-1). Suppose -2*v + m*t + 4 = -3*v, 2*t + 10 = v. What is q(v)?
6
Let b(r) = -14*r**3 + 31*r**2 + 6*r + 6. Let v(h) = 5*h**3 - 11*h**2 - 2*h - 2. Let p(i) = 6*b(i) + 17*v(i). What is p(0)?
2
Let s(b) = -46 + 21 - 13*b + 15 + 11. Calculate s(-1).
14
Let s be (3 + 17 + -21)/(2/6). Let v(i) be the third derivative of -i**5/60 - i**4/6 + 2*i**3/3 - i**2. What is v(s)?
7
Let h(g) = 3*g**2 + 40*g + 13. Suppose -31*o - 806 = 31*o. Calculate h(o).
0
Let a(b) = 3*b**3 + 2*b**2 + 8*b + 10. Let t(m) = -7*m**3 - 3*m**2 - 17*m - 21. Let x(l) = -5*a(l) - 2*t(l). What is x(-3)?
1
Let n = 51 + -57. Let s(c) = -c**3 - 6*c**2 + 3*c. Let k(o) = 5 + o - 5. Let f(r) = 2*k(r) - s(r). Determine f(n).
6
Let j(f) be the third derivative of f**4/6 - f**3/3 - 137*f**2. Determine j(-5).
-22
Let d(m) = -m**3 - 4*m**2 - 6*m - 3. Let w be d(-2). Let x(a) = 2*a**3 + 2*a - 1 + a**2 - a**2. Determine x(w).
3
Let x(k) = k**2 + 5*k + 3. Let i(c) = -3*c**2 - 14*c - 8. Suppose 8 = -2*a - s, 0 = 5*a + 3*s + s + 26. Let d(u) = a*i(u) - 7*x(u). Determine d(-6).
1
Suppose -g = -4*h - 5 - 17, 0 = -g - 3*h - 13. Let t(p) = -7 + 13 + p - g*p. Give t(9).
-3
Let a(n) = 6*n + 4. Suppose 43 = -23*p - 26. Determine a(p).
-14
Let v(y) = -39*y + 5. Let n(o) = -5*o + 2. Let s(f) = 2*n(f) - v(f). Determine s(2).
57
Suppose 3*x - 4*x = -3*p + 8, 6 = 2*p - x. Let w(h) = -h**3 + 3*h**2 - 4. Give w(p).
0
Let m be (-2 + (-3 - 1))/1. Let j(s) = 0*s - s + 3 + 0*s - 12. What is j(m)?
-3
Let n(j) = -11*j**2 - 29*j - 19. Let a(r) = -5*r**2 - 14*r - 9. Let h(t) = -9*a(t) + 4*n(t). Calculate h(-4).
-19
Let g(w) = 20*w**2 - 3*w + 3. Let h(m) = 23*m**2 - 4*m + 4. Let l(o) = 6*g(o) - 5*h(o). Give l(2).
22
Let l(a) = -5*a**2 + 25*a - 8. Let m(w) = -4*w**2 + 22*w - 9. Let b(o) = -5*l(o) + 6*m(o). Determine b(2).
4
Let x(u) = -2*u + 3. Suppose 4*r - 16 = 2*h + 2, 0 = h - 5*r - 3. Let a(s) = -s - 17. Let t be a(h). Suppose t*n = -n - 3. What is x(n)?
9
Suppose 3*d + 20 = 7*d. Let x be (3/2)/(d/10). Let q(v) = 41 + v + x*v**2 - 41. Give q(-2).
10
Let b(n) be the first derivative of n**4/4 - 2*n**3 + 4*n**2 - 7*n + 178. Let g = -13 - -18. Calculate b(g).
8
Let z(m) = m**3 - 363*m**2 - 356*m**2 - 1 - 3*m + 722*m**2. Calculate z(-3).
8
Let j(g) = g**2 - 5*g - 1. Suppose -8 = -0*v + 4*v. Suppose -2 = -4*w - o + 6, 5*o = 2*w - 26. Let f(a) = a**2 - 5*a. Let s(x) = v*f(x) + w*j(x). What is s(6)?
3
Let q(y) = -y**3 + y**2 + y + 1. Let g(s) = -7*s**3 - 45*s**2 + 4 + 5*s + 55*s**2 + 4. Let x(n) = -g(n) + 6*q(n). Suppose 2*o + 12 = 6*o. Determine x(o).
-8
Let k(o) = -o**2 + 3*o - 2*o - 2*o - 5*o - 5. Let i = -13 + 18. Let y be 112/(-20) + 3/i. What is k(y)?
0
Let a(f) be the third derivative of f**6/40 - f**5/60 - f**4/8 - f**3/3 + 524*f**2. Determine a(3).
61
Let z(j) = -j + 7. Suppose 3*d = -0*f - 3*f - 15, -2*f + 4*d = 4. Calculate z(f).
11
Let z(h) be the first derivative of -h**4/4 + 8*h**3/3 - 3*h**2 - 2*h - 56. Suppose -4*q = -2*l + q - 11, -2*l - q + 19 = 0. Calculate z(l).
5
Let v = -46 - -42. Let o(y) = -2*y**3 - 8*y**2 + 1. Let n(c) = 3*c**3 + 12*c**2 - 1. Let p(b) = -5*n(b) - 8*o(b). What is p(v)?
-3
Let a = 5 + -7. Let x be 1*(a - (3 + -3)). Let z(t) = -t**2 + 2. What is z(x)?
-2
Let k(j) be the third derivative of 1/120*j**6 + j**3 - 1/8*j**4 - 4*j**2 + 1/15*j**5 + 0*j + 0. Let o be (-20)/6*3/2. Give k(o).
-4
Let y(g) = g**3 + 3*g**2 + 4*g + 3. Let w be (1 + (-3)/9)/(8/(-1524)). Let a = -130 - w. Calculate y(a).
-9
Let q(n) = -3*n**3 - 2*n**2 + n. Let s(o) = -o + 14. Let f be 48/(-18)*21/(-4). Let t be s(f). Suppose 6*c + 0*c - 6 = t. What is q(c)?
-4
Let c(u) = -u**2 - 15*u + 536. Let t be c(-32). Let o(g) = g**3 + 7*g**2 - 9*g - 3. Give o(t).
5
Suppose -190*g + 2604 = 182*g. Let h(o) = -4 - 2*o**2 - 7*o + 2*o**2 + o**2. Calculate h(g).
-4
Let x(t) = -t**3 - 7*t**2 - t + 7. Let z(i) = -i**3 - 7*i**2 - 2*i + 7. Let g(o) = 6*x(o) - 7*z(o). Determine g(-5).
3
Let b(i) = -6*i + 58. Let d(f) = -4*f + 1. Let l(j) = b(j) - 4*d(j). Give l(-